{"id":2971,"date":"2021-11-03T12:44:34","date_gmt":"2021-11-03T16:44:34","guid":{"rendered":"https:\/\/mandao.app\/blog\/?page_id=2971"},"modified":"2025-01-17T06:51:12","modified_gmt":"2025-01-17T11:51:12","slug":"que-es-mandao","status":"publish","type":"page","link":"https:\/\/mandao.app\/blog\/que-es-mandao\/","title":{"rendered":"\u00bfQu\u00e9 es Mandao?"},"content":{"rendered":"\n<figure><img fetchpriority=\"high\" decoding=\"async\" src=\"https:\/\/mandao.app\/blog\/wp-content\/uploads\/2021\/07\/mochila-amarillo-delivery-boy-cuba-cienfuegos-mandao.webp\" alt=\"\" width=\"800\" height=\"500\" \/><\/figure>\n\n\n\n<p>Mandao es una empresa privada de entrega a domicilio en Cuba motivada por el deseo de unir&nbsp;a amigos, familias y comunidades. Sobrepasamos los l\u00edmites de las fronteras y buscamos que sea m\u00e1s f\u00e1cil cuidar de los tuyos incluso cuando est\u00e1s lejos. En La Habana hacemos entregas de agromercados y ofertamos cestas con productos de fincas de agricultores locales.&nbsp;<\/p>\n\n\n\n<p>Desde que lanzamos el grito \u00a1Lleg\u00f3 Mandao!, hemos alcanzado nuevos horizontes gracias a nuestra aplicaci\u00f3n m\u00f3vil que nos permite llegar m\u00e1s lejos. Ya rodamos por La Habana, Matanzas, Varadero, C\u00e1rdenas, Holgu\u00ed\u00adn, Cienfuegos, Santa Clara y Trinidad, <a href=\"https:\/\/mandao.app\/blog\/2021\/09\/03\/un-servicio-de-delivery-para-tender-puentes\/\">tendiendo puentes entre todas las personas emprendedoras que conformamos la familia Mandao y nuestra comunidad.\u00a0<\/a><\/p>\n\n\n\n<p>Descarga la aplicaci\u00f3n de forma gratuita para tel\u00e9fonos con los sistemas operativos&nbsp;<a href=\"https:\/\/play.google.com\/store\/apps\/details?id=com.mandao.user&amp;hl=en_US\">Android<\/a>&nbsp;y&nbsp;<a href=\"https:\/\/apps.apple.com\/us\/app\/mandao-user\/id1489704057\">iOs<\/a>&nbsp;(iPhones).<\/p>\n","protected":false},"excerpt":{"rendered":"<p>Mandao es una empresa privada de entrega a domicilio en Cuba motivada por el deseo de unir&nbsp;a amigos, familias y comunidades. Sobrepasamos los l\u00edmites de las fronteras y buscamos que sea m\u00e1s f\u00e1cil cuidar de los tuyos incluso cuando est\u00e1s lejos. En La Habana hacemos entregas de agromercados y ofertamos cestas con productos de fincas [&hellip;]<\/p>\n","protected":false},"author":197743547,"featured_media":1756,"parent":0,"menu_order":0,"comment_status":"closed","ping_status":"closed","template":"","meta":{"_joinchat":[],"footnotes":""},"class_list":["post-2971","page","type-page","status-publish","has-post-thumbnail","hentry"],"yoast_head":"<!-- This site is optimized with the Yoast SEO plugin v26.8 - https:\/\/yoast.com\/product\/yoast-seo-wordpress\/ -->\n<title>\u00bfQu\u00e9 es Mandao? - Mandao Blog<\/title>\n<meta name=\"description\" content=\"Mandao es una empresa privada de delivery en Cuba. Motivada por el deseo de unir, sobrepasamos los l\u00c3\u00admites de las fronteras.\u00c2\u00a0\" \/>\n<meta name=\"robots\" content=\"index, follow, max-snippet:-1, max-image-preview:large, max-video-preview:-1\" \/>\n<link rel=\"canonical\" href=\"https:\/\/mandao.app\/blog\/que-es-mandao\/\" \/>\n<meta property=\"og:locale\" content=\"es_ES\" \/>\n<meta property=\"og:type\" content=\"article\" \/>\n<meta property=\"og:title\" content=\"\u00bfQu\u00e9 es Mandao? - Mandao Blog\" \/>\n<meta property=\"og:description\" content=\"Mandao es una empresa privada de delivery en Cuba. Motivada por el deseo de unir, sobrepasamos los l\u00c3\u00admites de las fronteras.\u00c2\u00a0\" \/>\n<meta property=\"og:url\" content=\"https:\/\/mandao.app\/blog\/que-es-mandao\/\" \/>\n<meta property=\"og:site_name\" content=\"Mandao Blog\" \/>\n<meta property=\"article:modified_time\" content=\"2025-01-17T11:51:12+00:00\" \/>\n<meta property=\"og:image\" content=\"https:\/\/mandao.app\/blog\/wp-content\/uploads\/2021\/07\/mochila-amarillo-delivery-boy-cuba-cienfuegos-mandao-1.webp\" \/>\n\t<meta property=\"og:image:width\" content=\"800\" \/>\n\t<meta property=\"og:image:height\" content=\"500\" \/>\n\t<meta property=\"og:image:type\" content=\"image\/webp\" \/>\n<meta name=\"twitter:card\" content=\"summary_large_image\" \/>\n<meta name=\"twitter:label1\" content=\"Tiempo de lectura\" \/>\n\t<meta name=\"twitter:data1\" content=\"1 minuto\" \/>\n<script type=\"application\/ld+json\" class=\"yoast-schema-graph\">{\"@context\":\"https:\/\/schema.org\",\"@graph\":[{\"@type\":\"WebPage\",\"@id\":\"https:\/\/mandao.app\/blog\/que-es-mandao\/\",\"url\":\"https:\/\/mandao.app\/blog\/que-es-mandao\/\",\"name\":\"\u00bfQu\u00e9 es Mandao? - Mandao Blog\",\"isPartOf\":{\"@id\":\"https:\/\/dev-blog.mandao.app\/blog\/#website\"},\"primaryImageOfPage\":{\"@id\":\"https:\/\/mandao.app\/blog\/que-es-mandao\/#primaryimage\"},\"image\":{\"@id\":\"https:\/\/mandao.app\/blog\/que-es-mandao\/#primaryimage\"},\"thumbnailUrl\":\"https:\/\/mandao.app\/blog\/wp-content\/uploads\/2021\/07\/mochila-amarillo-delivery-boy-cuba-cienfuegos-mandao-1.webp\",\"datePublished\":\"2021-11-03T16:44:34+00:00\",\"dateModified\":\"2025-01-17T11:51:12+00:00\",\"description\":\"Mandao es una empresa privada de delivery en Cuba. Motivada por el deseo de unir, sobrepasamos los l\u00c3\u00admites de las fronteras.\u00c2\u00a0\",\"breadcrumb\":{\"@id\":\"https:\/\/mandao.app\/blog\/que-es-mandao\/#breadcrumb\"},\"inLanguage\":\"es\",\"potentialAction\":[{\"@type\":\"ReadAction\",\"target\":[\"https:\/\/mandao.app\/blog\/que-es-mandao\/\"]}]},{\"@type\":\"ImageObject\",\"inLanguage\":\"es\",\"@id\":\"https:\/\/mandao.app\/blog\/que-es-mandao\/#primaryimage\",\"url\":\"https:\/\/mandao.app\/blog\/wp-content\/uploads\/2021\/07\/mochila-amarillo-delivery-boy-cuba-cienfuegos-mandao-1.webp\",\"contentUrl\":\"https:\/\/mandao.app\/blog\/wp-content\/uploads\/2021\/07\/mochila-amarillo-delivery-boy-cuba-cienfuegos-mandao-1.webp\",\"width\":800,\"height\":500},{\"@type\":\"BreadcrumbList\",\"@id\":\"https:\/\/mandao.app\/blog\/que-es-mandao\/#breadcrumb\",\"itemListElement\":[{\"@type\":\"ListItem\",\"position\":1,\"name\":\"Portada\",\"item\":\"https:\/\/dev-blog.mandao.app\/blog\/\"},{\"@type\":\"ListItem\",\"position\":2,\"name\":\"\u00bfQu\u00e9 es Mandao?\"}]},{\"@type\":\"WebSite\",\"@id\":\"https:\/\/dev-blog.mandao.app\/blog\/#website\",\"url\":\"https:\/\/dev-blog.mandao.app\/blog\/\",\"name\":\"Mandao Blog\",\"description\":\"We deliver food and groceries in Cuba\",\"publisher\":{\"@id\":\"https:\/\/dev-blog.mandao.app\/blog\/#organization\"},\"potentialAction\":[{\"@type\":\"SearchAction\",\"target\":{\"@type\":\"EntryPoint\",\"urlTemplate\":\"https:\/\/dev-blog.mandao.app\/blog\/?s={search_term_string}\"},\"query-input\":{\"@type\":\"PropertyValueSpecification\",\"valueRequired\":true,\"valueName\":\"search_term_string\"}}],\"inLanguage\":\"es\"},{\"@type\":\"Organization\",\"@id\":\"https:\/\/dev-blog.mandao.app\/blog\/#organization\",\"name\":\"Mandao Blog\",\"url\":\"https:\/\/dev-blog.mandao.app\/blog\/\",\"logo\":{\"@type\":\"ImageObject\",\"inLanguage\":\"es\",\"@id\":\"https:\/\/dev-blog.mandao.app\/blog\/#\/schema\/logo\/image\/\",\"url\":\"https:\/\/mandao.app\/blog\/wp-content\/uploads\/2020\/12\/cropped-cropped-mandao-2.jpg\",\"contentUrl\":\"https:\/\/mandao.app\/blog\/wp-content\/uploads\/2020\/12\/cropped-cropped-mandao-2.jpg\",\"width\":130,\"height\":68,\"caption\":\"Mandao Blog\"},\"image\":{\"@id\":\"https:\/\/dev-blog.mandao.app\/blog\/#\/schema\/logo\/image\/\"}}]}<\/script>\n<!-- \/ Yoast SEO plugin. -->","yoast_head_json":{"title":"\u00bfQu\u00e9 es Mandao? - Mandao Blog","description":"Mandao es una empresa privada de delivery en Cuba. Motivada por el deseo de unir, sobrepasamos los l\u00c3\u00admites de las fronteras.\u00c2\u00a0","robots":{"index":"index","follow":"follow","max-snippet":"max-snippet:-1","max-image-preview":"max-image-preview:large","max-video-preview":"max-video-preview:-1"},"canonical":"https:\/\/mandao.app\/blog\/que-es-mandao\/","og_locale":"es_ES","og_type":"article","og_title":"\u00bfQu\u00e9 es Mandao? - Mandao Blog","og_description":"Mandao es una empresa privada de delivery en Cuba. Motivada por el deseo de unir, sobrepasamos los l\u00c3\u00admites de las fronteras.\u00c2\u00a0","og_url":"https:\/\/mandao.app\/blog\/que-es-mandao\/","og_site_name":"Mandao Blog","article_modified_time":"2025-01-17T11:51:12+00:00","og_image":[{"width":800,"height":500,"url":"https:\/\/mandao.app\/blog\/wp-content\/uploads\/2021\/07\/mochila-amarillo-delivery-boy-cuba-cienfuegos-mandao-1.webp","type":"image\/webp"}],"twitter_card":"summary_large_image","twitter_misc":{"Tiempo de lectura":"1 minuto"},"schema":{"@context":"https:\/\/schema.org","@graph":[{"@type":"WebPage","@id":"https:\/\/mandao.app\/blog\/que-es-mandao\/","url":"https:\/\/mandao.app\/blog\/que-es-mandao\/","name":"\u00bfQu\u00e9 es Mandao? - Mandao Blog","isPartOf":{"@id":"https:\/\/dev-blog.mandao.app\/blog\/#website"},"primaryImageOfPage":{"@id":"https:\/\/mandao.app\/blog\/que-es-mandao\/#primaryimage"},"image":{"@id":"https:\/\/mandao.app\/blog\/que-es-mandao\/#primaryimage"},"thumbnailUrl":"https:\/\/mandao.app\/blog\/wp-content\/uploads\/2021\/07\/mochila-amarillo-delivery-boy-cuba-cienfuegos-mandao-1.webp","datePublished":"2021-11-03T16:44:34+00:00","dateModified":"2025-01-17T11:51:12+00:00","description":"Mandao es una empresa privada de delivery en Cuba. Motivada por el deseo de unir, sobrepasamos los l\u00c3\u00admites de las fronteras.\u00c2\u00a0","breadcrumb":{"@id":"https:\/\/mandao.app\/blog\/que-es-mandao\/#breadcrumb"},"inLanguage":"es","potentialAction":[{"@type":"ReadAction","target":["https:\/\/mandao.app\/blog\/que-es-mandao\/"]}]},{"@type":"ImageObject","inLanguage":"es","@id":"https:\/\/mandao.app\/blog\/que-es-mandao\/#primaryimage","url":"https:\/\/mandao.app\/blog\/wp-content\/uploads\/2021\/07\/mochila-amarillo-delivery-boy-cuba-cienfuegos-mandao-1.webp","contentUrl":"https:\/\/mandao.app\/blog\/wp-content\/uploads\/2021\/07\/mochila-amarillo-delivery-boy-cuba-cienfuegos-mandao-1.webp","width":800,"height":500},{"@type":"BreadcrumbList","@id":"https:\/\/mandao.app\/blog\/que-es-mandao\/#breadcrumb","itemListElement":[{"@type":"ListItem","position":1,"name":"Portada","item":"https:\/\/dev-blog.mandao.app\/blog\/"},{"@type":"ListItem","position":2,"name":"\u00bfQu\u00e9 es Mandao?"}]},{"@type":"WebSite","@id":"https:\/\/dev-blog.mandao.app\/blog\/#website","url":"https:\/\/dev-blog.mandao.app\/blog\/","name":"Mandao Blog","description":"We deliver food and groceries in Cuba","publisher":{"@id":"https:\/\/dev-blog.mandao.app\/blog\/#organization"},"potentialAction":[{"@type":"SearchAction","target":{"@type":"EntryPoint","urlTemplate":"https:\/\/dev-blog.mandao.app\/blog\/?s={search_term_string}"},"query-input":{"@type":"PropertyValueSpecification","valueRequired":true,"valueName":"search_term_string"}}],"inLanguage":"es"},{"@type":"Organization","@id":"https:\/\/dev-blog.mandao.app\/blog\/#organization","name":"Mandao Blog","url":"https:\/\/dev-blog.mandao.app\/blog\/","logo":{"@type":"ImageObject","inLanguage":"es","@id":"https:\/\/dev-blog.mandao.app\/blog\/#\/schema\/logo\/image\/","url":"https:\/\/mandao.app\/blog\/wp-content\/uploads\/2020\/12\/cropped-cropped-mandao-2.jpg","contentUrl":"https:\/\/mandao.app\/blog\/wp-content\/uploads\/2020\/12\/cropped-cropped-mandao-2.jpg","width":130,"height":68,"caption":"Mandao Blog"},"image":{"@id":"https:\/\/dev-blog.mandao.app\/blog\/#\/schema\/logo\/image\/"}}]}},"_links":{"self":[{"href":"https:\/\/mandao.app\/blog\/wp-json\/wp\/v2\/pages\/2971","targetHints":{"allow":["GET"]}}],"collection":[{"href":"https:\/\/mandao.app\/blog\/wp-json\/wp\/v2\/pages"}],"about":[{"href":"https:\/\/mandao.app\/blog\/wp-json\/wp\/v2\/types\/page"}],"author":[{"embeddable":true,"href":"https:\/\/mandao.app\/blog\/wp-json\/wp\/v2\/users\/197743547"}],"replies":[{"embeddable":true,"href":"https:\/\/mandao.app\/blog\/wp-json\/wp\/v2\/comments?post=2971"}],"version-history":[{"count":18,"href":"https:\/\/mandao.app\/blog\/wp-json\/wp\/v2\/pages\/2971\/revisions"}],"predecessor-version":[{"id":5344,"href":"https:\/\/mandao.app\/blog\/wp-json\/wp\/v2\/pages\/2971\/revisions\/5344"}],"wp:featuredmedia":[{"embeddable":true,"href":"https:\/\/mandao.app\/blog\/wp-json\/wp\/v2\/media\/1756"}],"wp:attachment":[{"href":"https:\/\/mandao.app\/blog\/wp-json\/wp\/v2\/media?parent=2971"}],"curies":[{"name":"wp","href":"https:\/\/api.w.org\/{rel}","templated":true}]}}